{"id":27,"date":"2015-12-02T14:49:40","date_gmt":"2015-12-02T14:49:40","guid":{"rendered":"http:\/\/www.eco10.co.ao\/?page_id=27"},"modified":"2017-03-13T11:05:27","modified_gmt":"2017-03-13T11:05:27","slug":"sobre","status":"publish","type":"page","link":"https:\/\/www.eco10.co.ao\/wordpress\/index.php\/sobre\/","title":{"rendered":""},"content":{"rendered":"<p style=\"text-align: left;\"><strong>ECO10 \u00e9 um sistema \u00fanico e avan\u00e7ado que gera uma solu\u00e7\u00e3o pura de di\u00f3xido de cloro de 0,3% (3000 ppm), que \u00e9 aplicada como desinfectante de \u00e1gua pot\u00e1vel. O ECO10 numa solu\u00e7\u00e3o de 0,3% n\u00e3o \u00e9 explosivo nem corrosivo, assegurando assim um sistema optimizado de gera\u00e7\u00e3o de di\u00f3xido de cloro, em que as suas mol\u00e9culas t\u00eam a capacidade de oxida\u00e7\u00e3o e de desinfec\u00e7\u00e3o da \u00e1gua, usando um equipamento doseador simples e padronizado. A longa vida \u00fatil de 60 dias da solu\u00e7\u00e3o de ECO10 a 0,3% assegura o controle bacteriol\u00f3gico.<\/strong><\/p>\n<p>ECO10 \u00e9 fornecido numa embalagem transport\u00e1vel e n\u00e3o explosiva que reage numa solu\u00e7\u00e3o quase pura de di\u00f3xido de cloro com uma concentra\u00e7\u00e3o de 0,3%.<\/p>\n<p>ECO10 em solu\u00e7\u00e3o de 0,3% n\u00e3o cont\u00e9m cloro livre. A subst\u00e2ncia biocida activa \u00e9 a mol\u00e9cula de di\u00f3xido de cloro (ClO2), que \u00e9 pelo menos 10 vezes mais poderosa do que o cloro e desinfectantes do tipo cloro.<\/p>\n<p>ECO10 em solu\u00e7\u00e3o de 0,3% mata todos os microorganismos transmiss\u00edveis pela \u00e1gua (incluindo bact\u00e9rias, v\u00edrus, fungos, germes, biofilme, etc.). \u00c9 f\u00e1cil de usar, simples de aplicar e contribui positivamente para a sa\u00fade humana porque o ECO10 desinfecta a \u00e1gua sem produzir subprodutos perigosos, cuja produ\u00e7\u00e3o \u00e9 um dos problemas conhecidos dos desinfectantes tradicionais. O uso de ECO10 n\u00e3o causa carga ao meio ambiente porque os produtos residuais s\u00e3o inofensivos e desprez\u00e1veis.<\/p>\n<p><a href=\"https:\/\/www.eco10.co.ao\/wordpress\/wp-content\/uploads\/2015\/12\/EquipametoInstalacao.jpg\" rel=\"attachment wp-att-310\"><img decoding=\"async\" class=\"aligncenter wp-image-310 size-large\" src=\"https:\/\/www.eco10.co.ao\/wordpress\/wp-content\/uploads\/2015\/12\/EquipametoInstalacao-1024x686.jpg\" alt=\"EquipametoInstalacao\" width=\"640\" height=\"429\" srcset=\"https:\/\/www.eco10.co.ao\/wordpress\/wp-content\/uploads\/2015\/12\/EquipametoInstalacao-1024x686.jpg 1024w, https:\/\/www.eco10.co.ao\/wordpress\/wp-content\/uploads\/2015\/12\/EquipametoInstalacao-600x402.jpg 600w, https:\/\/www.eco10.co.ao\/wordpress\/wp-content\/uploads\/2015\/12\/EquipametoInstalacao-300x201.jpg 300w, https:\/\/www.eco10.co.ao\/wordpress\/wp-content\/uploads\/2015\/12\/EquipametoInstalacao-768x514.jpg 768w, https:\/\/www.eco10.co.ao\/wordpress\/wp-content\/uploads\/2015\/12\/EquipametoInstalacao-1791x1200.jpg 1791w, https:\/\/www.eco10.co.ao\/wordpress\/wp-content\/uploads\/2015\/12\/EquipametoInstalacao-960x643.jpg 960w\" sizes=\"(max-width: 640px) 100vw, 640px\" \/><\/a><\/p>\n<p>ECO10 fornece uma desinfec\u00e7\u00e3o de \u00e1gua segura, com rendimento e desempenho superiores e sem as desvantagens das aplica\u00e7\u00f5es tradicionais do cloro ou do di\u00f3xido de cloro estabilizado. Devido \u00e0 pureza da solu\u00e7\u00e3o de ECO10, subst\u00e2ncias adversas \u00e0 mol\u00e9cula de ClO2 est\u00e3o ausentes, assegurando uma capacidade de desinfec\u00e7\u00e3o e oxida\u00e7\u00e3o vasta e abrangente para o controle microbiol\u00f3gico e remo\u00e7\u00e3o do biofilme.<\/p>\n<p><a href=\"https:\/\/www.eco10.co.ao\/wordpress\/wp-content\/uploads\/2016\/12\/Ficha-Tecnica-ECO10.pdf\" target=\"_blank\"><img decoding=\"async\" width=\"228\" height=\"300\" class=\"size-medium wp-image-524 aligncenter\" src=\"https:\/\/www.eco10.co.ao\/wordpress\/wp-content\/uploads\/2015\/12\/Fichatecnica-1-228x300.jpg\" alt=\"Fichatecnica\" srcset=\"https:\/\/www.eco10.co.ao\/wordpress\/wp-content\/uploads\/2015\/12\/Fichatecnica-1-228x300.jpg 228w, https:\/\/www.eco10.co.ao\/wordpress\/wp-content\/uploads\/2015\/12\/Fichatecnica-1.jpg 249w\" sizes=\"(max-width: 228px) 100vw, 228px\" \/><\/a><\/p>\n<p style=\"text-align: center;\">\n","protected":false},"excerpt":{"rendered":"<p>ECO10 \u00e9 um sistema \u00fanico e avan\u00e7ado que gera uma solu\u00e7\u00e3o pura de di\u00f3xido de cloro de 0,3% (3000 ppm), que \u00e9 aplicada como desinfectante de \u00e1gua pot\u00e1vel. O ECO10 numa solu\u00e7\u00e3o de 0,3% n\u00e3o \u00e9 explosivo nem&#8230; <a class=\"read-more\" href=\"https:\/\/www.eco10.co.ao\/wordpress\/index.php\/sobre\/\">Saiba Mais<\/a><\/p>\n","protected":false},"author":1,"featured_media":326,"parent":0,"menu_order":0,"comment_status":"closed","ping_status":"closed","template":"","meta":{"footnotes":""},"class_list":["post-27","page","type-page","status-publish","has-post-thumbnail","hentry"],"_links":{"self":[{"href":"https:\/\/www.eco10.co.ao\/wordpress\/index.php\/wp-json\/wp\/v2\/pages\/27","targetHints":{"allow":["GET"]}}],"collection":[{"href":"https:\/\/www.eco10.co.ao\/wordpress\/index.php\/wp-json\/wp\/v2\/pages"}],"about":[{"href":"https:\/\/www.eco10.co.ao\/wordpress\/index.php\/wp-json\/wp\/v2\/types\/page"}],"author":[{"embeddable":true,"href":"https:\/\/www.eco10.co.ao\/wordpress\/index.php\/wp-json\/wp\/v2\/users\/1"}],"replies":[{"embeddable":true,"href":"https:\/\/www.eco10.co.ao\/wordpress\/index.php\/wp-json\/wp\/v2\/comments?post=27"}],"version-history":[{"count":0,"href":"https:\/\/www.eco10.co.ao\/wordpress\/index.php\/wp-json\/wp\/v2\/pages\/27\/revisions"}],"wp:featuredmedia":[{"embeddable":true,"href":"https:\/\/www.eco10.co.ao\/wordpress\/index.php\/wp-json\/wp\/v2\/media\/326"}],"wp:attachment":[{"href":"https:\/\/www.eco10.co.ao\/wordpress\/index.php\/wp-json\/wp\/v2\/media?parent=27"}],"curies":[{"name":"wp","href":"https:\/\/api.w.org\/{rel}","templated":true}]}}